{"id":57,"date":"2014-12-23T22:27:20","date_gmt":"2014-12-23T22:27:20","guid":{"rendered":"http:\/\/budowagitary.pl\/?page_id=57"},"modified":"2020-07-25T23:26:58","modified_gmt":"2020-07-25T22:26:58","slug":"drewno","status":"publish","type":"page","link":"https:\/\/budowagitary.pl\/?page_id=57","title":{"rendered":"Drewno\/wood"},"content":{"rendered":"<p style=\"text-align: left;\"><strong><span style=\"font-size: small;\">Podstawa, to dobrze wybrane drewno. Jak to zrobi\u0107 i gdzie zdoby\u0107 odpowiedni materia\u0142 na Tw\u00f3j instrument dowiecie si\u0119 w tym dziale.<\/span><span style=\"font-size: small;\"><br \/>\n<\/span><\/strong><\/p>\n<p style=\"text-align: left;\">W tabeli poni\u017cej podano materia\u0142y preferowane i najcz\u0119\u015bciej stosowane przy budowie instrument\u00f3w. Okre\u015blenia dotycz\u0105 u\u017cywanych nazw potocznych. Tabela nie jest wyk\u0142adni\u0105 i nie oznacza np., \u017ce gryfu nie mo\u017cna wykona\u0107 z drewna klonu, jesionu lub innego materia\u0142u, nie zawartego w poni\u017cszym opisie.<\/p>\n<p><img decoding=\"async\" loading=\"lazy\" class=\" wp-image-260 size-large aligncenter\" src=\"http:\/\/budowagitary.pl\/wp-content\/uploads\/2015\/01\/drewno_tabela-953x1024.jpg\" alt=\"drewno_tabela\" width=\"474\" height=\"509\" srcset=\"https:\/\/budowagitary.pl\/wp-content\/uploads\/2015\/01\/drewno_tabela-953x1024.jpg 953w, https:\/\/budowagitary.pl\/wp-content\/uploads\/2015\/01\/drewno_tabela-279x300.jpg 279w\" sizes=\"(max-width: 474px) 100vw, 474px\" \/><\/p>\n<p>Szczeg\u00f3\u0142owe opisy drewna u\u017cywanego do budowy instrument\u00f3w na stronie: <a title=\"Drewno, opisy\" href=\"http:\/\/www.mayones.pl\/pl\/katalog\/top_wood\" target=\"_blank\" rel=\"noopener noreferrer\">http:\/\/www.mayones.pl\/pl\/katalog\/top_wood<\/a><\/p>\n<p><strong>Rodzaje drewna &#8211; korpus<\/strong><\/p>\n<p><strong>Maho\u0144<\/strong><br \/>\nciep\u0142e brzmienie, pe\u0142ny sound, d\u0142ugi sustain.<br \/>\nNajmocniej brzmi niska i \u015brodkowa cz\u0119\u015b\u0107 pasma.<\/p>\n<p><strong>Topola<\/strong><br \/>\ndrewno bardzo lekkie,<br \/>\nwybrzmiewanie r\u00f3wnomierne, g\u0142\u0119bokie niskie tony,<br \/>\n\u015brodek pasma mi\u0119kko brzmi\u0105cy.<\/p>\n<p><strong>Lipa ameryka\u0144ska (basswood)<\/strong><br \/>\ndo ostrego grania, r\u00f3wnomierne i pe\u0142ne<br \/>\nwybrzmiewanie, dobra kompresj\u0105 w g\u00f3rnym pa\u015bmie.<\/p>\n<p><strong>Olcha<\/strong><br \/>\nr\u00f3wnomierne wybrzmiewanie, atak umiarkowany,<br \/>\nbrzmienie zbalansowane.<\/p>\n<p><strong>Jesion<\/strong><br \/>\njeden z twardszych materia\u0142\u00f3w,<br \/>\nbrzmienie bardzo twarde i jasne.<\/p>\n<p><strong>Klon<\/strong><br \/>\nbardzo czyste brzmienie w wysokich cz\u0119stotliwo\u015bciach,<br \/>\nszybki i silny atak, brzmienie twarde i jasne.<\/p>\n<p style=\"text-align: center;\">Miejsca, gdzie kupimy odpowiedni materia\u0142, np. jedno z najlepszych drzew afryka\u0144skich &#8211; acajou (Mahogani, Khaya),<\/p>\n<p><a href=\"http:\/\/ludwinscy.pl\/index.php\/tarcica\/\" target=\"_blank\" rel=\"noopener noreferrer\"><img decoding=\"async\" loading=\"lazy\" class=\" size-full wp-image-382 aligncenter\" src=\"http:\/\/budowagitary.pl\/wp-content\/uploads\/2015\/01\/drewno_ludwinscy.jpg\" alt=\"drewno_ludwinscy\" width=\"187\" height=\"59\" \/><\/a><\/p>\n<p style=\"text-align: center;\">lub przygotowane formaty do sklejenia i wyci\u0119cia body z olchy, jawora falistego, topoli &#8230;<\/p>\n<p><a href=\"http:\/\/www.tonewood.pl\/kontakt.html\" target=\"_blank\" rel=\"noopener noreferrer\"><img decoding=\"async\" loading=\"lazy\" class=\" size-full wp-image-388 aligncenter\" src=\"http:\/\/budowagitary.pl\/wp-content\/uploads\/2015\/01\/drewno_malinek.jpg\" alt=\"drewno_malinek\" width=\"187\" height=\"59\" \/><\/a><\/p>\n<p><a href=\"http:\/\/fatyga-gitary.pl\/index.php?go=uslugi\" target=\"_blank\" rel=\"noopener noreferrer\"><img decoding=\"async\" loading=\"lazy\" class=\" size-full wp-image-886 aligncenter\" src=\"http:\/\/budowagitary.pl\/wp-content\/uploads\/2016\/01\/drewno2.jpg\" alt=\"drewno2\" width=\"2324\" height=\"245\" srcset=\"https:\/\/budowagitary.pl\/wp-content\/uploads\/2016\/01\/drewno2.jpg 2324w, https:\/\/budowagitary.pl\/wp-content\/uploads\/2016\/01\/drewno2-400x42.jpg 400w, https:\/\/budowagitary.pl\/wp-content\/uploads\/2016\/01\/drewno2-1024x108.jpg 1024w\" sizes=\"(max-width: 2324px) 100vw, 2324px\" \/><\/a><\/p>\n<p><img decoding=\"async\" loading=\"lazy\" class=\" size-full wp-image-899 aligncenter\" src=\"http:\/\/budowagitary.pl\/wp-content\/uploads\/2016\/01\/drewno_rodzaje.jpg\" alt=\"drewno_rodzaje\" width=\"2068\" height=\"1620\" srcset=\"https:\/\/budowagitary.pl\/wp-content\/uploads\/2016\/01\/drewno_rodzaje.jpg 2068w, https:\/\/budowagitary.pl\/wp-content\/uploads\/2016\/01\/drewno_rodzaje-383x300.jpg 383w, https:\/\/budowagitary.pl\/wp-content\/uploads\/2016\/01\/drewno_rodzaje-1024x802.jpg 1024w\" sizes=\"(max-width: 2068px) 100vw, 2068px\" \/><\/p>\n<p><script>\/\/ <![CDATA[\n(function(i,s,o,g,r,a,m){i['GoogleAnalyticsObject']=r;i[r]=i[r]||function(){<br \/>\n  (i[r].q=i[r].q||[]).push(arguments)},i[r].l=1*new Date();a=s.createElement(o),<br \/>\n  m=s.getElementsByTagName(o)[0];a.async=1;a.src=g;m.parentNode.insertBefore(a,m)<br \/>\n  })(window,document,'script','\/\/www.google-analytics.com\/analytics.js','ga');<\/p>\n\n\n\n\n<p>  ga('create', 'UA-65102723-1', 'auto');<br \/>\n  ga('send', 'pageview');<br \/>\n\/\/ ]]><\/script><\/p>\n","protected":false},"excerpt":{"rendered":"<div class=\"mh-excerpt\"><p>Podstawa, to dobrze wybrane drewno. Jak to zrobi\u0107 i gdzie zdoby\u0107 odpowiedni materia\u0142 na Tw\u00f3j instrument dowiecie si\u0119 w tym dziale. W tabeli poni\u017cej podano <a class=\"mh-excerpt-more\" href=\"https:\/\/budowagitary.pl\/?page_id=57\" title=\"Drewno\/wood\">[&#8230;]<\/a><\/p>\n<\/div>","protected":false},"author":2,"featured_media":0,"parent":0,"menu_order":0,"comment_status":"closed","ping_status":"open","template":"","meta":{"om_disable_all_campaigns":false,"_monsterinsights_skip_tracking":false,"_monsterinsights_sitenote_active":false,"_monsterinsights_sitenote_note":"","_monsterinsights_sitenote_category":0,"footnotes":""},"aioseo_notices":[],"_links":{"self":[{"href":"https:\/\/budowagitary.pl\/index.php?rest_route=\/wp\/v2\/pages\/57"}],"collection":[{"href":"https:\/\/budowagitary.pl\/index.php?rest_route=\/wp\/v2\/pages"}],"about":[{"href":"https:\/\/budowagitary.pl\/index.php?rest_route=\/wp\/v2\/types\/page"}],"author":[{"embeddable":true,"href":"https:\/\/budowagitary.pl\/index.php?rest_route=\/wp\/v2\/users\/2"}],"replies":[{"embeddable":true,"href":"https:\/\/budowagitary.pl\/index.php?rest_route=%2Fwp%2Fv2%2Fcomments&post=57"}],"version-history":[{"count":42,"href":"https:\/\/budowagitary.pl\/index.php?rest_route=\/wp\/v2\/pages\/57\/revisions"}],"predecessor-version":[{"id":1360,"href":"https:\/\/budowagitary.pl\/index.php?rest_route=\/wp\/v2\/pages\/57\/revisions\/1360"}],"wp:attachment":[{"href":"https:\/\/budowagitary.pl\/index.php?rest_route=%2Fwp%2Fv2%2Fmedia&parent=57"}],"curies":[{"name":"wp","href":"https:\/\/api.w.org\/{rel}","templated":true}]}}